{"id":81,"date":"2025-04-21T12:38:14","date_gmt":"2025-04-21T12:38:14","guid":{"rendered":"https:\/\/thevest.pl\/index.php\/portfolio\/"},"modified":"2025-04-23T14:40:19","modified_gmt":"2025-04-23T14:40:19","slug":"dolacz-do-nas","status":"publish","type":"page","link":"https:\/\/thevest.pl\/index.php\/dolacz-do-nas\/","title":{"rendered":"Do\u0142\u0105cz do nas"},"content":{"rendered":"\t\t<div data-elementor-type=\"wp-page\" data-elementor-id=\"81\" class=\"elementor elementor-81\">\n\t\t\t\t\t\t<section class=\"elementor-section elementor-top-section elementor-element elementor-element-3ed8c9e7 elementor-section-content-middle elementor-section-boxed elementor-section-height-default elementor-section-height-default\" data-id=\"3ed8c9e7\" data-element_type=\"section\">\n\t\t\t\t\t\t<div class=\"elementor-container elementor-column-gap-no\">\n\t\t\t\t\t<div class=\"elementor-column elementor-col-100 elementor-top-column elementor-element elementor-element-5734fdc1\" data-id=\"5734fdc1\" data-element_type=\"column\">\n\t\t\t<div class=\"elementor-widget-wrap elementor-element-populated\">\n\t\t\t\t\t\t<div class=\"elementor-element elementor-element-15be238 elementor-widget elementor-widget-heading\" data-id=\"15be238\" data-element_type=\"widget\" data-widget_type=\"heading.default\">\n\t\t\t\t<div class=\"elementor-widget-container\">\n\t\t\t\t\t<h1 class=\"elementor-heading-title elementor-size-default\">Jak mo\u017cesz do nas do\u0142\u0105czy\u0107?<\/h1>\t\t\t\t<\/div>\n\t\t\t\t<\/div>\n\t\t\t\t<div class=\"elementor-element elementor-element-1c27e6eb elementor-widget elementor-widget-heading\" data-id=\"1c27e6eb\" data-element_type=\"widget\" data-widget_type=\"heading.default\">\n\t\t\t\t<div class=\"elementor-widget-container\">\n\t\t\t\t\t<h5 class=\"elementor-heading-title elementor-size-default\">Masz pasj\u0119 do broni? Chcesz zdoby\u0107 pozwolenie? Zale\u017cy Ci na konkretnej wiedzy i solidnym wsparciu?<br><br>\nW The Vest znajdziesz spo\u0142eczno\u015b\u0107, kt\u00f3ra dzia\u0142a. Bez pustych slogan\u00f3w, bez straconego czasu.<\/h5>\t\t\t\t<\/div>\n\t\t\t\t<\/div>\n\t\t\t\t\t<\/div>\n\t\t<\/div>\n\t\t\t\t\t<\/div>\n\t\t<\/section>\n\t\t\t\t<section class=\"elementor-section elementor-top-section elementor-element elementor-element-528f121f elementor-section-full_width elementor-section-content-middle elementor-reverse-mobile elementor-section-height-default elementor-section-height-default\" data-id=\"528f121f\" data-element_type=\"section\" data-settings=\"{&quot;background_background&quot;:&quot;classic&quot;}\">\n\t\t\t\t\t\t<div class=\"elementor-container elementor-column-gap-no\">\n\t\t\t\t\t<div class=\"elementor-column elementor-col-100 elementor-top-column elementor-element elementor-element-56c0b8d\" data-id=\"56c0b8d\" data-element_type=\"column\">\n\t\t\t<div class=\"elementor-widget-wrap elementor-element-populated\">\n\t\t\t\t\t\t<div class=\"elementor-element elementor-element-5f8f7aaf elementor-widget elementor-widget-heading\" data-id=\"5f8f7aaf\" data-element_type=\"widget\" data-widget_type=\"heading.default\">\n\t\t\t\t<div class=\"elementor-widget-container\">\n\t\t\t\t\t<h2 class=\"elementor-heading-title elementor-size-default\">Dlaczego warto?<\/h2>\t\t\t\t<\/div>\n\t\t\t\t<\/div>\n\t\t\t\t<div class=\"elementor-element elementor-element-6e7c6945 elementor-widget elementor-widget-text-editor\" data-id=\"6e7c6945\" data-element_type=\"widget\" data-widget_type=\"text-editor.default\">\n\t\t\t\t<div class=\"elementor-widget-container\">\n\t\t\t\t\t\t\t\t\t<p style=\"text-align: center;\"><strong data-start=\"529\" data-end=\"579\">Realne wsparcie w uzyskaniu pozwolenia na bro\u0144<\/strong><br data-start=\"579\" data-end=\"582\" \/>Od pierwszego kroku po odbi\u00f3r legitymacji \u2013 wyja\u015bniamy procedury, pomagamy w formalno\u015bciach, dzielimy si\u0119 do\u015bwiadczeniem.<\/p><p>\u00a0<\/p><p style=\"text-align: center;\"><strong data-start=\"707\" data-end=\"762\">Szkolenia strzeleckie prowadzone przez specjalist\u00f3w<\/strong><br data-start=\"762\" data-end=\"765\" \/>Treningi praktyczne i teoretyczne \u2013 bez \u015bciemy. Nauczysz si\u0119 obs\u0142ugi broni, zasad bezpiecze\u0144stwa i technik strzeleckich.<\/p><p>\u00a0<\/p><p style=\"text-align: center;\"><strong data-start=\"889\" data-end=\"926\">Dost\u0119p do spo\u0142eczno\u015bci pasjonat\u00f3w<\/strong><br data-start=\"926\" data-end=\"929\" \/>Wymiana wiedzy, spotkania, wsp\u00f3lne wyjazdy, rozmowy z lud\u017ami, kt\u00f3rzy wiedz\u0105, o czym m\u00f3wi\u0105. I nie musisz mie\u0107 broni, \u017ceby zacz\u0105\u0107.<\/p><p>\u00a0<\/p><p style=\"text-align: center;\"><strong data-start=\"1061\" data-end=\"1088\">Kolekcjonerstwo z g\u0142ow\u0105<\/strong><br data-start=\"1088\" data-end=\"1091\" \/>Lubisz histori\u0119? Interesuj\u0105 Ci\u0119 repliki, egzemplarze kolekcjonerskie, militaria? U nas poznasz ludzi, kt\u00f3rzy dziel\u0105 t\u0119 pasj\u0119.<\/p>\t\t\t\t\t\t\t\t<\/div>\n\t\t\t\t<\/div>\n\t\t\t\t\t<\/div>\n\t\t<\/div>\n\t\t\t\t\t<\/div>\n\t\t<\/section>\n\t\t\t\t<section class=\"elementor-section elementor-top-section elementor-element elementor-element-a88bf88 elementor-section-boxed elementor-section-height-default elementor-section-height-default\" data-id=\"a88bf88\" data-element_type=\"section\">\n\t\t\t\t\t\t<div class=\"elementor-container elementor-column-gap-default\">\n\t\t\t\t\t<div class=\"elementor-column elementor-col-50 elementor-top-column elementor-element elementor-element-3014770\" data-id=\"3014770\" data-element_type=\"column\">\n\t\t\t<div class=\"elementor-widget-wrap elementor-element-populated\">\n\t\t\t\t\t\t<div class=\"elementor-element elementor-element-77bfd9f elementor-widget elementor-widget-heading\" data-id=\"77bfd9f\" data-element_type=\"widget\" data-widget_type=\"heading.default\">\n\t\t\t\t<div class=\"elementor-widget-container\">\n\t\t\t\t\t<h2 class=\"elementor-heading-title elementor-size-default\">Kto mo\u017ce do\u0142\u0105czy\u0107?<\/h2>\t\t\t\t<\/div>\n\t\t\t\t<\/div>\n\t\t\t\t<div class=\"elementor-element elementor-element-186ea47 elementor-widget elementor-widget-text-editor\" data-id=\"186ea47\" data-element_type=\"widget\" data-widget_type=\"text-editor.default\">\n\t\t\t\t<div class=\"elementor-widget-container\">\n\t\t\t\t\t\t\t\t\t<p>Ka\u017cdy, kto:<\/p><ul><li class=\"\" data-start=\"1259\" data-end=\"1277\"><p class=\"\" data-start=\"1261\" data-end=\"1277\">uko\u0144czy\u0142 18 lat,<\/p><\/li><li class=\"\" data-start=\"1278\" data-end=\"1295\"><p class=\"\" data-start=\"1280\" data-end=\"1295\">nie by\u0142 karany,<\/p><\/li><li class=\"\" data-start=\"1296\" data-end=\"1381\"><p class=\"\" data-start=\"1298\" data-end=\"1381\">podziela nasze warto\u015bci: <strong data-start=\"1323\" data-end=\"1380\">odpowiedzialno\u015b\u0107, wiedza, pasja, przestrzeganie prawa<\/strong>.<\/p><\/li><\/ul><p>\u00a0<\/p><p class=\"\" data-start=\"1298\" data-end=\"1381\">Nie musisz posiada\u0107 broni \u2013 wystarczy szczera ch\u0119\u0107 rozwoju.<\/p>\t\t\t\t\t\t\t\t<\/div>\n\t\t\t\t<\/div>\n\t\t\t\t\t<\/div>\n\t\t<\/div>\n\t\t\t\t<div class=\"elementor-column elementor-col-50 elementor-top-column elementor-element elementor-element-0062a54\" data-id=\"0062a54\" data-element_type=\"column\">\n\t\t\t<div class=\"elementor-widget-wrap elementor-element-populated\">\n\t\t\t\t\t\t<div class=\"elementor-element elementor-element-d5b240f elementor-widget elementor-widget-heading\" data-id=\"d5b240f\" data-element_type=\"widget\" data-widget_type=\"heading.default\">\n\t\t\t\t<div class=\"elementor-widget-container\">\n\t\t\t\t\t<h2 class=\"elementor-heading-title elementor-size-default\">Jak wygl\u0105da proces do\u0142\u0105czenia?<\/h2>\t\t\t\t<\/div>\n\t\t\t\t<\/div>\n\t\t\t\t<div class=\"elementor-element elementor-element-7a8381e elementor-widget elementor-widget-text-editor\" data-id=\"7a8381e\" data-element_type=\"widget\" data-widget_type=\"text-editor.default\">\n\t\t\t\t<div class=\"elementor-widget-container\">\n\t\t\t\t\t\t\t\t\t<ol><li class=\"\" data-start=\"1485\" data-end=\"1592\"><p class=\"\" data-start=\"1488\" data-end=\"1592\"><strong data-start=\"1488\" data-end=\"1523\">Wype\u0142nij formularz zg\u0142oszeniowy<\/strong><br data-start=\"1523\" data-end=\"1526\" \/>Znajdziesz go poni\u017cej lub otrzymasz na e-mail po kontakcie z nami.<\/p><\/li><li class=\"\" data-start=\"1594\" data-end=\"1718\"><p class=\"\" data-start=\"1597\" data-end=\"1718\"><strong data-start=\"1597\" data-end=\"1625\">Skontaktujemy si\u0119 z Tob\u0105<\/strong><br data-start=\"1625\" data-end=\"1628\" \/>Dopytamy o Twoje oczekiwania i cele \u2013 nie robimy mas\u00f3wki, chcemy wiedzie\u0107, z kim dzia\u0142amy.<\/p><\/li><li class=\"\" data-start=\"1720\" data-end=\"1830\"><p class=\"\" data-start=\"1723\" data-end=\"1830\"><strong data-start=\"1723\" data-end=\"1746\">Zostajesz cz\u0142onkiem<\/strong><br data-start=\"1746\" data-end=\"1749\" \/>Otrzymujesz dost\u0119p do naszej spo\u0142eczno\u015bci, szkole\u0144, wydarze\u0144 i realnego wsparcia.<\/p><\/li><\/ol>\t\t\t\t\t\t\t\t<\/div>\n\t\t\t\t<\/div>\n\t\t\t\t\t<\/div>\n\t\t<\/div>\n\t\t\t\t\t<\/div>\n\t\t<\/section>\n\t\t\t\t<section class=\"elementor-section elementor-top-section elementor-element elementor-element-1f7f53a elementor-section-boxed elementor-section-height-default elementor-section-height-default\" data-id=\"1f7f53a\" data-element_type=\"section\">\n\t\t\t\t\t\t<div class=\"elementor-container elementor-column-gap-default\">\n\t\t\t\t\t<div class=\"elementor-column elementor-col-100 elementor-top-column elementor-element elementor-element-c926514\" data-id=\"c926514\" data-element_type=\"column\">\n\t\t\t<div class=\"elementor-widget-wrap elementor-element-populated\">\n\t\t\t\t\t\t<div class=\"elementor-element elementor-element-bdbd5a5 elementor-widget elementor-widget-heading\" data-id=\"bdbd5a5\" data-element_type=\"widget\" data-widget_type=\"heading.default\">\n\t\t\t\t<div class=\"elementor-widget-container\">\n\t\t\t\t\t<h2 class=\"elementor-heading-title elementor-size-default\">Koszty cz\u0142onkostwa<\/h2>\t\t\t\t<\/div>\n\t\t\t\t<\/div>\n\t\t\t\t<div class=\"elementor-element elementor-element-ea133a9 elementor-widget elementor-widget-text-editor\" data-id=\"ea133a9\" data-element_type=\"widget\" data-widget_type=\"text-editor.default\">\n\t\t\t\t<div class=\"elementor-widget-container\">\n\t\t\t\t\t\t\t\t\t<p class=\"\" style=\"text-align: center;\" data-start=\"194\" data-end=\"396\">Cz\u0142onkostwo w The Vest to nie tylko formalno\u015b\u0107 \u2013 to inwestycja w realn\u0105 warto\u015b\u0107: wiedz\u0119, umiej\u0119tno\u015bci, dost\u0119p do szkole\u0144 i wsp\u00f3lnot\u0119 ludzi, kt\u00f3rzy podchodz\u0105 do tematu broni z pasj\u0105 i odpowiedzialno\u015bci\u0105.<\/p><p class=\"\" style=\"text-align: center;\" data-start=\"194\" data-end=\"396\"><br><\/p>\n<p class=\"\" style=\"text-align: center;\" data-start=\"194\" data-end=\"396\">\n<\/p><p data-start=\"194\" data-end=\"396\">\n<\/p><p data-start=\"194\" data-end=\"396\">\n<\/p><p class=\"\" style=\"text-align: center;\" data-start=\"398\" data-end=\"432\"><strong data-start=\"401\" data-end=\"432\">Sk\u0142adka cz\u0142onkowska wynosi:<\/strong><\/p>\n<p class=\"\" style=\"text-align: center;\" data-start=\"435\" data-end=\"514\"><strong data-start=\"435\" data-end=\"461\">120 z\u0142 za pierwszy rok<\/strong> \u2013 op\u0142ata wpisowa i pe\u0142ne cz\u0142onkostwo na 12 miesi\u0119cy,<\/p>\n<p style=\"text-align: center;\"><strong data-start=\"517\" data-end=\"547\">60 z\u0142 za ka\u017cdy kolejny rok<\/strong> \u2013 przed\u0142u\u017cenie cz\u0142onkostwa bez dodatkowych koszt\u00f3w.<\/p><p style=\"text-align: center;\"><br><\/p>\n<p style=\"text-align: center;\">\n<\/p>\n<p class=\"\" style=\"text-align: center;\" data-start=\"601\" data-end=\"807\">To jednorazowe op\u0142aty roczne \u2013 bez ukrytych koszt\u00f3w.<\/p>\n<p class=\"\" style=\"text-align: center;\" data-start=\"601\" data-end=\"807\"><br data-start=\"667\" data-end=\"670\">\u015arodki te przeznaczamy na organizacj\u0119 szkole\u0144, wsparcie formalne dla cz\u0142onk\u00f3w, materia\u0142y edukacyjne i rozw\u00f3j dzia\u0142alno\u015bci stowarzyszenia.<\/p><p class=\"\" style=\"text-align: center;\" data-start=\"601\" data-end=\"807\"><br><\/p>\n<p class=\"\" style=\"text-align: center;\" data-start=\"601\" data-end=\"807\">\n<\/p><p data-start=\"601\" data-end=\"807\">\n<\/p><p class=\"\" style=\"text-align: center;\" data-start=\"809\" data-end=\"1013\">Szczeg\u00f3\u0142owe informacje dotycz\u0105ce p\u0142atno\u015bci, termin\u00f3w i numeru konta otrzymasz po wype\u0142nieniu formularza zg\u0142oszeniowego. Mo\u017cesz te\u017c zapyta\u0107 nas bezpo\u015brednio:<\/p>\n<p class=\"\" style=\"text-align: center;\" data-start=\"809\" data-end=\"1013\"><br data-start=\"968\" data-end=\"971\"><a rel=\"noopener\" data-start=\"974\" data-end=\"992\"><b>vest@thevest.pl<\/b><\/a><br data-start=\"992\" data-end=\"995\"><strong>792 794 410<\/strong><\/p>\t\t\t\t\t\t\t\t<\/div>\n\t\t\t\t<\/div>\n\t\t\t\t\t<\/div>\n\t\t<\/div>\n\t\t\t\t\t<\/div>\n\t\t<\/section>\n\t\t\t\t<\/div>\n\t\t","protected":false},"excerpt":{"rendered":"<p>Jak mo\u017cesz do nas do\u0142\u0105czy\u0107? Masz pasj\u0119 do broni? Chcesz zdoby\u0107 pozwolenie? Zale\u017cy Ci na konkretnej wiedzy i solidnym wsparciu? W The [&hellip;]<\/p>\n","protected":false},"author":1,"featured_media":0,"parent":0,"menu_order":0,"comment_status":"closed","ping_status":"closed","template":"elementor_header_footer","meta":{"_eb_attr":"","footnotes":""},"class_list":["post-81","page","type-page","status-publish","hentry"],"_links":{"self":[{"href":"https:\/\/thevest.pl\/index.php\/wp-json\/wp\/v2\/pages\/81","targetHints":{"allow":["GET"]}}],"collection":[{"href":"https:\/\/thevest.pl\/index.php\/wp-json\/wp\/v2\/pages"}],"about":[{"href":"https:\/\/thevest.pl\/index.php\/wp-json\/wp\/v2\/types\/page"}],"author":[{"embeddable":true,"href":"https:\/\/thevest.pl\/index.php\/wp-json\/wp\/v2\/users\/1"}],"replies":[{"embeddable":true,"href":"https:\/\/thevest.pl\/index.php\/wp-json\/wp\/v2\/comments?post=81"}],"version-history":[{"count":35,"href":"https:\/\/thevest.pl\/index.php\/wp-json\/wp\/v2\/pages\/81\/revisions"}],"predecessor-version":[{"id":399,"href":"https:\/\/thevest.pl\/index.php\/wp-json\/wp\/v2\/pages\/81\/revisions\/399"}],"wp:attachment":[{"href":"https:\/\/thevest.pl\/index.php\/wp-json\/wp\/v2\/media?parent=81"}],"curies":[{"name":"wp","href":"https:\/\/api.w.org\/{rel}","templated":true}]}}